+ 95 - (-1 + -1)?
101
List the prime factors of (-486)/(-14) - (-24)/84.
5, 7
Let g = -15 + 23. What are the prime factors of g?
2
Let m(b) = -11*b - 24. What are the prime factors of m(-13)?
7, 17
Let a = -24 + 45. What are the prime factors of a?
3, 7
Let s be 8 - (-5)/((-3)/2 - 1). Let b(f) be the third derivative of -f**6/120 + f**5/10 + f**4/12 + 2*f**3/3 + f**2. List the prime factors of b(s).
2
Let i be 4 - ((-96)/4)/(-4). Let n(l) = 2*l + 6. Let u be n(-5). List the prime factors of 1*u*5/i.
2, 5
Let i = 37 - -20. Let g = i + -24. What are the prime factors of g?
3, 11
Suppose 5*m - q - 4*q = 50, 19 = m - 4*q. Let y = m - 4. Suppose -y*j = 3*c - 24, 5*j - 7 = -c - 15. What are the prime factors of c?
2, 3
Suppose -5*f + 20 = 2*r, 3*r - 2*f - 6 = r. Suppose 3*z - r*z = -3*a + 98, -5*a - 4*z = -200. Suppose c - 5*c = -a. List the prime factors of c.
3
Suppose -5*a + 5 = -15. Suppose -2*n = -3*n + 19. Suppose a = -5*s + n. What are the prime factors of s?
3
Suppose -4*x + h + 15 = 0, 0 = x - 2*h - 3*h + 20. What are the prime factors of x*(-2)/5*-8?
2
What are the prime factors of ((-9)/(-4))/(12/160)?
2, 3, 5
Suppose 265 = 11*x - 164. What are the prime factors of x?
3, 13
Let n be 2/(-8) - (-125)/20. Suppose 3 = f - n. What are the prime factors of f?
3
Suppose -5*u - 14 = -z, -2*u - u - 6 = 0. Suppose 0 = -z*r + 70 + 54. What are the prime factors of r?
31
Let c(d) = d**3 - 5*d**2 + d + 6. Let w be c(5). Let g = w + -6. Suppose -g*m + m = -32. List the prime factors of m.
2
Suppose -2*y - 6 = -o, 0*o - 2*o + 5*y = -14. Suppose o*g + 2 = 8. Suppose g*x - x = 28. List the prime factors of x.
2, 7
Let b be 165/10 + 6/(-4). Let y = -7 + b. What are the prime factors of y?
2
Let a(c) = -c**3 - 6*c**2 + 8*c + 6. Let k be a(-7). Let n = -3 - -5. Let z = n - k. List the prime factors of z.
3
Suppose 76 - 292 = -2*t. Suppose -2*b + 5*b - t = 0. List the prime factors of b.
2, 3
List the prime factors of ((-30)/18)/((-1)/96).
2, 5
Let a = -147 + 271. List the prime factors of a.
2, 31
Let x(u) = -u**2 - 8*u - 5. Let j = 8 + -13. Let m be x(j). Let b = -6 + m. List the prime factors of b.
2
Let d(r) = -r - 6. Let g be d(-6). What are the prime factors of (-22)/(-2)*1 - g?
11
Let n(o) = 4*o - 17. List the prime factors of n(18).
5, 11
Let x(w) = w**3 - 4*w**2 + 3*w - w + 0*w - 1. Let s be 10/55 - 42/(-11). What are the prime factors of x(s)?
7
Let c = 39 + -28. What are the prime factors of c?
11
Let y be 1*2/(2/5). Suppose 0*v - 12 = -v - q, -2*q = -y*v + 67. List the prime factors of v.
13
Let w(a) = a**2 - 7*a - 6. Let c be w(8). Suppose -8 = -c*s - 0. Suppose 0 = 2*x - s*x + 14. What are the prime factors of x?
7
Let q(f) = 16*f + 14. What are the prime factors of q(10)?
2, 3, 29
Let f(y) = -y**3 - 6*y**2 - 3*y - 1. List the prime factors of f(-6).
17
Suppose -z + 12 = k, -4*k + 46 = 6*z - 3*z. Suppose q + k = 46. What are the prime factors of q?
2, 3
Let s = -38 - -55. Let z = 5 - 3. List the prime factors of (z + 0)/(2/s).
17
Suppose -3*h + 1168 = 5*h. List the prime factors of h.
2, 73
Let f = 36 + 10. What are the prime factors of f?
2, 23
Suppose -4*k + 1 = -7. Let y = 9 - k. List the prime factors of y.
7
Suppose -s = s - 10. Suppose 0 = -2*p + 1 + 5, -s*l - 5*p = -15. Suppose l = -2*v - 2*f + 3*f + 29, 0 = -v + 5*f + 37. List the prime factors of v.
2, 3
Let w = 7 - 5. Suppose -2*j + w = -j. What are the prime factors of j?
2
Let g(l) be the second derivative of 2*l**3/3 - l**2/2 + 3*l. List the prime factors of g(1).
3
Suppose -5*i + 8 = -42. What are the prime factors of i/(-35) - (-100)/7?
2, 7
Let p(j) = -j**3 - 7*j**2 - 8*j - 7. Let l be p(-6). Suppose -l*m + 28 = -m. List the prime factors of m.
7
Suppose 147 - 868 = -7*n. What are the prime factors of n?
103
Suppose -j + 16 + 28 = 0. Suppose 0 = -8*u + 3*u + 15. Suppose 0*f - 2*f - w = -22, 4*f + u*w - j = 0. What are the prime factors of f?
11
Suppose -r + 45 = k, -3*r + 23 = -3*k - 118. What are the prime factors of r?
2, 23
Let v(z) = -3*z - 7. List the prime factors of v(-7).
2, 7
Let u be 1/4 - (-3)/4. Suppose -5*m = -5*y + 50, -4*m + 3*m - 20 = -2*y. Let j = y - u. List the prime factors of j.
3
Suppose 2*w - 15 = -3. Suppose b - 2 + w = 0. What are the prime factors of (1 + (-6)/b)*6?
3, 5
Let n(j) = -j**3 - 7*j**2 - 8*j - 6. Let x be n(-5). Let y be (3/(3/(-10)))/1. Let t = y - x. What are the prime factors of t?
2, 3
Let b = -35 - -68. List the prime factors of b.
3, 11
Let z(w) = -3*w**3 - 2*w**2 + 1. Let j be z(-1). Let t(g) = -g + 0*g**2 + g**j + 2*g + 6. What are the prime factors of t(0)?
2, 3
Suppose -4*z = -2*z - 40. Suppose -4*i = u + 2*u - z, -i = 2*u - 15. List the prime factors of u.
2
Let x(y) = y**2 - 3*y - 8. List the prime factors of x(-5).
2
Suppose z - 13 = -2*h - 2*z, -3*z = -4*h - 1. What are the prime factors of 2*(1 - h)*-11?
2, 11
Let o be 15/5 + 1 + 1. List the prime factors of (12/(-5))/((-2)/o).
2, 3
Let d be -2 + 12/8*2. List the prime factors of 22 + -1*4 + d.
19
Let s be (-3)/(-3*2/(-18)). Let r = s - -13. Suppose -h - r = -2*h. List the prime factors of h.
2
Let f = 557 + -256. List the prime factors of f.
7, 43
Let n(l) = 11*l + 3. What are the prime factors of n(4)?
47
Let s(a) = a - 5. Let v be s(5). Let b = v - 20. What are the prime factors of (-27)/(-5) + 8/b?
5
List the prime factors of -2 - (0/2 - 20).
2, 3
Let y = -10 + 10. Suppose -5*k + 3*i + 121 = y, -9 - 56 = -3*k - 2*i. Suppose 4*p = -j + 42 + k, 0 = 3*p + 5*j - 70. List the prime factors of p.
3, 5
Let c(h) = 3*h - 2*h - 3*h. List the prime factors of c(-4).
2
Suppose -2*p + 1 = 4*c - 13, -6 = 3*p - 3*c. Suppose -4*k + 17 = p. What are the prime factors of k?
2
Suppose -f + 3*s - 4 = s, 5*f = -2*s + 4. Suppose f = 5*g - 2*g - 33. What are the prime factors of g?
11
Suppose 2*c = c - 9. Let b(t) = -t**3 + 7*t**2 - 5*t - 8. Let z be b(6). Let r = z - c. List the prime factors of r.
7
What are the prime factors of 10/(-6)*(-168)/14?
2, 5
List the prime factors of 176/(-55)*(1 + -6).
2
Let q be (-2)/(-3) - 12/(-9). Suppose -4*l + 4 = -q*l. What are the prime factors of l?
2
What are the prime factors of (-36)/45 - 174/(-5)?
2, 17
Suppose 0*k = 2*k - 2. Suppose k - 39 = -2*x. List the prime factors of x.
19
List the prime factors of ((-3)/(-2))/((-9)/(-234)).
3, 13
Let n(h) = -h - 3. Suppose 4*r - 19 = -x, -4*x + 13 = r - 3. Suppose 4*t + 8 = 0, 5*m + 26 = 5*t - x*t. What are the prime factors of n(m)?
3
Suppose 0 = 4*d - 16, -2*a = 5*d - 0*d - 116. What are the prime factors of a?
2, 3
Let m(h) be the second derivative of -5*h**3/6 - 3*h**2/2 - h. List the prime factors of m(-3).
2, 3
Let l(p) = 2*p + 8. Let g be l(6). What are the prime factors of (4 + -3 - 0)*g?
2, 5
Let y be (10 - (-2 + 0)) + 0. Let r = 1 + y. List the prime factors of r.
13
Suppose 4*h = 4*f + 5*h + 24, -5*f + h = 30. Let x be -2 + 2 + f/(-2). Suppose -5*i = -x*i - 6. List the prime factors of i.
3
Let l(p) = p**2 - 2. Let z be l(2). Suppose -148 = -4*s + z*v + v, 0 = -5*v. List the prime factors of s.
37
Suppose -o + 30 = c, 2*o + 129 = -0*c + 5*c. Suppose -t = -0*t - c. Let l = t - 16. What are the prime factors of l?
11
Let a = -87 - -137. Suppose 4*d - 30 = a. List the prime factors of d.
2, 5
Let t(h) = h**2 + 13*h + 17. Let b be t(-17). Let a = b + -56. List the prime factors of a.
29
Let a be 4/18 + (-32)/(-18). Suppose -a*b - y - 16 = 3*y, -5*b = 2*y. List the prime factors of b.
2
Let k(h) = -h**2 - 17*h - 11. Let x be k(-10). Suppose f + 4*z - 44 = 0, -1 = -2*f - z + x. List the prime factors of f.
2, 7
Suppose 0 = q - 3*q. Suppose -3*n + q*a = 4*a - 59, -2*a = -3*n + 65. List the prime factors of n.
3, 7
Let u(k) = -11*k**3 + k**2 - 2*k + 1. Let h be u(1). Let n = 45 + h. List the prime factors of n.
2, 17
What are the prime factors of (-8 - (-231)/28) + (-695)/(-4)?
2, 3, 29
Let b be ((-12)/16)/((-1)/60). Suppose 4*z - b - 23 = -t, -5*t + 315 = -5*z. Suppose 7*x - 3*x = t. What are the prime factors of x?
2
Let i(v) = v**3 + 3*v**2 - 2*v - 3. Let g be 1/3 - (-7)/(-3). List the prime factors of i(g).
5
Let j(v) = v**3 - 5*v**2 + 2. Let t be j(4). What are the prime factors of (-148)/t + (-15)/(-35)?
11
Let u(c) = -c + 13. Let h be u(9). Suppose h*n - n - 2*b = 14, -5*n + 2*b + 30 = 0. What are t